 w(q) = 6*q**2 + 3*q + 4. Let r be w(-3). Let m = 352 - 345. What is the greatest common factor of m and r?
7
Let n(w) = -w - 4. Let t be (12/30)/((-2)/10). Let o be n(t). Let k be (2/(-3))/(o/57). What is the greatest common factor of 95 and k?
19
Let g(c) = c**2 - 15*c + 58. Let t be g(8). Calculate the highest common divisor of t and 4.
2
Let x(q) = q**3 - q**2 - q + 9. Let u be x(0). Calculate the greatest common divisor of 81 and u.
9
Let x(u) = -u**2 + 5*u + 1. Let j be x(5). Let v = 5 - j. Calculate the highest common factor of 8 and v.
4
Suppose -2*t + 10 = -3*t. Let i be 2/(-5) - 334/t. Calculate the highest common divisor of 22 and i.
11
Let z be 454/10 + 4/(-10). Let y = -28 + 37. What is the greatest common divisor of z and y?
9
Let u = -26 + 30. Suppose 0 = -5*n - x + 5 + 5, 2*n = -2*x + u. What is the highest common divisor of 2 and n?
2
Suppose -11*o + 107 - 19 = 0. Calculate the greatest common divisor of o and 56.
8
Let v(b) = b + 9. Let g be v(7). Calculate the greatest common divisor of g and 144.
16
Suppose -p = 5*z - 389, -2*z - 2*p + 76 = -z. What is the greatest common factor of 26 and z?
26
Let l(j) = 12*j - j**3 + 6 - 10*j**2 + 3*j**2 - 2*j. Let o be l(-8). Let h be (-2)/o + 59/5. What is the greatest common factor of 8 and h?
4
Let v be 2/10 + (-222)/(-15). Calculate the greatest common divisor of v and 45.
15
Let g = 4 - -11. Let m be 10/g*(-6)/(-2). Suppose -s = -2 + 1, m*s = -5*o + 442. Calculate the greatest common factor of o and 11.
11
Let t = 7 + -1. Suppose t*z - 4 = 4*z. Suppose 0 = -4*i + 2 + 14. What is the highest common divisor of i and z?
2
Let n(o) = -99*o. Let w be n(-2). Let g(x) = x + 22. Let u be g(0). What is the highest common factor of u and w?
22
Suppose 0 = -0*v + 4*v + b - 150, 196 = 5*v - 3*b. What is the highest common divisor of v and 19?
19
Suppose -4*z + 52 = 3*t, 2*t + z + 56 = 7*t. What is the highest common divisor of t and 132?
12
Suppose -73 = -6*w + 2*w - 5*d, -15 = -3*d. Calculate the highest common divisor of w and 12.
12
Let l be 0 + (-5 - -2) - -19. Calculate the highest common factor of 80 and l.
16
Suppose -3*d + 322 - 58 = 0. What is the greatest common divisor of d and 22?
22
Let x(h) = -41*h - 1. Suppose n - 4*n = 6. Let c be x(n). What is the highest common divisor of c and 9?
9
Suppose c - 8 = -2*v, 6*v - v + 2*c = 18. Suppose 2*t = -3*j + 170, -v*j + 125 = -3*t + 2*t. What is the highest common factor of j and 10?
10
Suppose 405 = -0*o + 3*o. Suppose -3*l - k = -50 + 10, -3*l + 50 = -k. What is the greatest common divisor of o and l?
15
Let u be 5/10*(3 + 1). Suppose 3*v = u*v + 4. Calculate the greatest common factor of 16 and v.
4
Suppose 22 = r - 0*r + 3*x, -5*x - 30 = -r. Suppose -26 = 5*m + 4. Let q be (-58)/(-6) + (-2)/m. Calculate the greatest common divisor of r and q.
5
Suppose -12 = -4*h + 4. Suppose 4*c = -0*c + 12. Let a = h - c. Calculate the greatest common factor of 5 and a.
1
Suppose -4*k = -5*k. Suppose -41 - 158 = -4*j + 5*f, k = -3*j - 5*f + 193. Calculate the highest common divisor of j and 8.
8
Let l(x) = -x**3 + 6*x**2 - 5*x. Let f be l(5). Suppose 3*b - 13 = 41. Suppose -o + b = -f*o. What is the highest common divisor of 2 and o?
2
Let v = -23 - -51. Suppose -q = 2 + v. Let y = 47 + q. Calculate the greatest common divisor of 187 and y.
17
Let k(d) = -7*d + 1. Let w be k(1). Let n = w + 10. Calculate the greatest common factor of 16 and n.
4
Let l = 36 + 7. Let p = l + -25. Calculate the highest common divisor of 45 and p.
9
Let b(x) = 272*x**2 + 1. Let j be b(1). What is the greatest common divisor of 39 and j?
39
Let n(q) = 2*q**2 - 4*q + 10. Let i be (18/8)/((-10)/(-40)). Let z be n(i). Calculate the highest common divisor of 17 and z.
17
Let z be (-54)/(-2) - (-2 + 2). Suppose 2*v + 4 = 22. Calculate the greatest common factor of v and z.
9
Let t be -2 + (-6)/(-2) + 601. Suppose -5*k = -m - t, k + 598 = 6*k + m. Calculate the greatest common factor of k and 12.
12
Let j be -1*4 - 6/(-1). Suppose -3*y - q = -27 - 2, -2*y + 22 = -j*q. Suppose i + i = 40. Calculate the highest common divisor of i and y.
10
Let m(h) = 2*h. Let o be m(3). Suppose -54 = -9*q + 8*q. Calculate the greatest common divisor of q and o.
6
Let a = 27 - 3. What is the highest common divisor of 6 and a?
6
Let s(z) = 43*z**2 + 3*z - 2. Let o be s(1). Calculate the highest common factor of 396 and o.
44
Let z be 6*(1 + 9/2). Let v = 7 - 13. Let d = v + 9. What is the highest common factor of d and z?
3
Suppose -m - 3 = -5*s, -3*m + 3 + 1 = -2*s. Suppose 14 = 4*w - 2, -k - 3 = -m*w. Let g be (4 - 12/8)*8. What is the greatest common factor of g and k?
5
Suppose -4 = 4*t - 3*t. Let v(z) = -7*z - 4. Let a be v(t). Calculate the highest common divisor of a and 6.
6
Let m be 137/9 + ((-32)/(-18))/(-8). Suppose b + 4*y = -2*b + 78, 0 = -3*b + 3*y + 99. What is the highest common factor of b and m?
15
Suppose 2*t + 3*t = 5*i + 95, -t + 2*i + 15 = 0. Calculate the greatest common divisor of t and 184.
23
Suppose -31*d - 282 = -34*d. Calculate the greatest common factor of d and 235.
47
Let a(o) = -o**3 + 11*o**2 - 6*o + 18. Let t be a(9). What is the highest common divisor of 21 and t?
21
Let g(c) = -2*c**3 - 15*c**2 - 2*c - 2. Let j be g(-10). Suppose -5*a = 2*d - j, 0 = -4*a + d - 2*d + 412. What is the highest common divisor of 17 and a?
17
Suppose -3*v = v - 40. What is the greatest common divisor of 15 and v?
5
Let n(q) = -q**3 + 3*q**2 + 4*q - 2. Let w be n(4). Let f be (-2)/w - (-8 + -2). Let y = -120 - -131. What is the greatest common factor of y and f?
11
Let h be (-350)/(-4) + -2*3/12. Calculate the highest common factor of h and 58.
29
Suppose -57 = -3*c - 6. Let j = -2 + c. Calculate the greatest common factor of 10 and j.
5
Let y = 12 - 12. Suppose -5 = 2*z - z, y = -2*o - z - 1. Calculate the highest common factor of o and 14.
2
Suppose 3*i = 25 + 29. Let g(q) = q**2 - 9*q + 2. Let f be g(9). Calculate the highest common divisor of i and f.
2
Suppose 15 = v + 2. Calculate the greatest common factor of v and 143.
13
Let g be (6/(-4))/(24/(-7744)). What is the highest common divisor of g and 44?
44
Let x(v) = 2*v**3 - 2*v**2 + 3*v - 2. Let w be x(2). Suppose -2*g + w = 2*g. What is the highest common divisor of 3 and g?
3
Let q = -28 + 35. What is the highest common divisor of 77 and q?
7
Let v(n) = -n + 40. Let j be v(0). Suppose 0*u + j = 5*u. Let d(x) = x**2 + 4*x + 8. Let o be d(-8). Calculate the greatest common factor of o and u.
8
Let n(i) = 15 + 12 - 23 + i + i**2. Let k be n(5). Calculate the greatest common factor of 238 and k.
34
Let z = 0 + 0. Suppose -5*i + 5*y + 315 = 0, 4*i - 264 = -z*i - 2*y. Let g = 1 - -12. Calculate the greatest common factor of g and i.
13
Suppose z + 12 = 5*o, 2*o + 19 = -4*z - 7. Let l = z - -4. Let r = l + 27. What is the highest common divisor of r and 16?
8
Suppose -5*f = -7*y + 4*y - 489, 5*f + y = 477. Suppose 4*a = 5*w - f, 0 = -5*a - 0 + 5. What is the greatest common divisor of w and 10?
10
Let s = 20 - 16. What is the highest common divisor of 4 and s?
4
Let m(b) = b**2 - 2*b. Let y be m(8). Let d(o) = o**2 + 3*o - 6. Let c be d(-6). Calculate the highest common divisor of c and y.
12
Let g be ((-105)/(-20))/((-2)/(-16)). What is the greatest common divisor of 14 and g?
14
Let o(d) = -d**3 + 2*d**2 + 2*d + 3. Let x be o(3). Suppose 3*l - 13 - 392 = x. Calculate the highest common divisor of 15 and l.
15
Suppose m = -20 - 57. Let w = 137 + m. Let q(b) = 3*b - 5. Let x be q(5). Calculate the highest common divisor of w and x.
10
Suppose -4*q - 16 = -4. Let m = q - -7. Suppose -5*d - 235 = -3*j, 0 = 4*j - 3*d + m*d - 321. What is the greatest common factor of 10 and j?
10
Suppose 0 = 355*z - 361*z + 108. Let u be (-1)/(-3) - 538/(-6). Calculate the highest common divisor of u and z.
18
Let f = -2 - -3. Let y = 3 - 1. Suppose -2*c - 2*i - i = -1, 0 = -4*c + y*i + 26. What is the greatest common divisor of f and c?
1
Let d(w) be the first derivative of w**4/4 + 10*w**3/3 + 5*w**2 + 12*w + 6. Let k be d(-8). Calculate the greatest common factor of k and 12.
12
Let g(k) = -3*k - 26. Suppose 4*z = -0*z + 28. Let c(y) = -2*y - 17. Let a(u) = z*c(u) - 5*g(u). Let f be a(-7). What is the highest common divisor of 4 and f?
4
Suppos